{"id":1051,"date":"2020-03-11T08:40:04","date_gmt":"2020-03-11T08:40:04","guid":{"rendered":"https:\/\/cdpswiss.com\/?page_id=1051"},"modified":"2026-02-11T14:58:08","modified_gmt":"2026-02-11T14:58:08","slug":"produkte","status":"publish","type":"page","link":"https:\/\/cdpswiss.com\/index.php\/produkte\/","title":{"rendered":"Produkte"},"content":{"rendered":"<p>[et_pb_section fb_built=&#8220;1&#8243; _builder_version=&#8220;4.23.1&#8243; _module_preset=&#8220;default&#8220; background_image=&#8220;https:\/\/cdpswiss.com\/wp-content\/uploads\/2021\/03\/23546743-scaled.jpg&#8220; background_position=&#8220;center_right&#8220; custom_padding=&#8220;||32px|||&#8220; global_colors_info=&#8220;{}&#8220;][et_pb_row _builder_version=&#8220;4.23.1&#8243; _module_preset=&#8220;default&#8220; background_color=&#8220;rgba(0,0,0,0.12)&#8220; max_width=&#8220;577px&#8220; module_alignment=&#8220;center&#8220; custom_padding=&#8220;1px||11px|||&#8220; border_radii=&#8220;on|23px|23px|23px|23px&#8220; global_colors_info=&#8220;{}&#8220;][et_pb_column type=&#8220;4_4&#8243; _builder_version=&#8220;4.23.1&#8243; _module_preset=&#8220;default&#8220; global_colors_info=&#8220;{}&#8220;][et_pb_text _builder_version=&#8220;4.23.1&#8243; _module_preset=&#8220;default&#8220; header_font=&#8220;Amsterdam|700|||||||&#8220; header_text_align=&#8220;center&#8220; header_font_size=&#8220;53px&#8220; text_orientation=&#8220;center&#8220; custom_padding=&#8220;17px|||21px|false|false&#8220; custom_css_free_form=&#8220;.selector {||  background-color: rgba(255, 255, 255, 0.5);||  -webkit-backdrop-filter: blur(10px);||  -moz-backdrop-filter: blur(10px);||  backdrop-filter: blur(4px);||  overflow: hidden;||  border: 1px solid #fff;||  background-image: linear-gradient(||    to bottom,||    rgba(255, 255, 255, 0),||    rgba(255, 255, 255, 0.5)||  );||  box-shadow: none;||}&#8220; border_radii=&#8220;on|23px|23px|23px|23px&#8220; global_colors_info=&#8220;{}&#8220;]<\/p>\n<h1>Produkte<\/h1>\n<p>[\/et_pb_text][\/et_pb_column][\/et_pb_row][\/et_pb_section][et_pb_section fb_built=&#8220;1&#8243; admin_label=&#8220;Desktop&#8220; _builder_version=&#8220;4.23.1&#8243; global_colors_info=&#8220;{}&#8220;][et_pb_row _builder_version=&#8220;4.19.5&#8243; max_width_tablet=&#8220;55%&#8220; max_width_phone=&#8220;80%&#8220; max_width_last_edited=&#8220;on|desktop&#8220; min_height=&#8220;1092px&#8220; custom_margin_tablet=&#8220;&#8220; custom_margin_phone=&#8220;-26px||-73px||false|false&#8220; custom_margin_last_edited=&#8220;on|phone&#8220; custom_padding=&#8220;||0px|||&#8220; hover_enabled=&#8220;0&#8243; global_colors_info=&#8220;{}&#8220; sticky_enabled=&#8220;0&#8243;][et_pb_column type=&#8220;4_4&#8243; _builder_version=&#8220;4.16&#8243; custom_padding=&#8220;|||&#8220; global_colors_info=&#8220;{}&#8220; custom_padding__hover=&#8220;|||&#8220;][et_pb_filterable_portfolio fullwidth=&#8220;off&#8220; posts_number=&#8220;66&#8243; include_categories=&#8220;125,126,121,116,120,128,122,114,129,123,124,258,272,382,391,398,444,171,469&#8243; show_categories=&#8220;off&#8220; show_pagination=&#8220;off&#8220; zoom_icon_color=&#8220;#e09900&#8243; hover_icon=&#8220;&#xe02c;||divi||400&#8243; _builder_version=&#8220;4.27.4&#8243; title_font=&#8220;Poppins|500|||||||&#8220; title_text_align=&#8220;center&#8220; title_text_color=&#8220;#333333&#8243; title_font_size=&#8220;15px&#8220; filter_font=&#8220;|600|||||||&#8220; filter_text_color=&#8220;#000000&#8243; filter_line_height=&#8220;1.8em&#8220; text_orientation=&#8220;center&#8220; min_height=&#8220;817px&#8220; custom_margin=&#8220;2px||4px||false|false&#8220; custom_padding=&#8220;0px||84px||false|false&#8220; hover_enabled=&#8220;0&#8243; title_font_tablet=&#8220;&#8220; title_font_phone=&#8220;&#8220; title_font_last_edited=&#8220;on|desktop&#8220; title_font_size_tablet=&#8220;14px&#8220; title_font_size_phone=&#8220;&#8220; title_font_size_last_edited=&#8220;on|phone&#8220; filter_font_tablet=&#8220;&#8220; filter_font_phone=&#8220;&#8220; filter_font_last_edited=&#8220;on|desktop&#8220; filter_text_color_tablet=&#8220;&#8220; filter_text_color_phone=&#8220;&#8220; filter_text_color_last_edited=&#8220;on|desktop&#8220; filter_font_size_tablet=&#8220;&#8220; filter_font_size_phone=&#8220;10px&#8220; filter_font_size_last_edited=&#8220;on|desktop&#8220; filter_letter_spacing_tablet=&#8220;&#8220; filter_letter_spacing_phone=&#8220;&#8220; filter_letter_spacing_last_edited=&#8220;on|desktop&#8220; filter_line_height_tablet=&#8220;&#8220; filter_line_height_phone=&#8220;&#8220; filter_line_height_last_edited=&#8220;on|desktop&#8220; filter_hue_rotate_last_edited=&#8220;off|desktop&#8220; filter_saturate_last_edited=&#8220;off|desktop&#8220; filter_brightness_last_edited=&#8220;off|desktop&#8220; filter_contrast_last_edited=&#8220;off|desktop&#8220; filter_invert_last_edited=&#8220;off|desktop&#8220; filter_sepia_last_edited=&#8220;off|desktop&#8220; filter_opacity_last_edited=&#8220;off|desktop&#8220; filter_blur_last_edited=&#8220;off|desktop&#8220; mix_blend_mode_last_edited=&#8220;off|desktop&#8220; child_filter_hue_rotate_tablet=&#8220;&#8220; child_filter_hue_rotate_phone=&#8220;&#8220; child_filter_hue_rotate_last_edited=&#8220;on|desktop&#8220; child_filter_saturate_tablet=&#8220;&#8220; child_filter_saturate_phone=&#8220;&#8220; child_filter_saturate_last_edited=&#8220;on|desktop&#8220; child_filter_brightness_tablet=&#8220;&#8220; child_filter_brightness_phone=&#8220;&#8220; child_filter_brightness_last_edited=&#8220;on|desktop&#8220; child_filter_contrast_tablet=&#8220;&#8220; child_filter_contrast_phone=&#8220;&#8220; child_filter_contrast_last_edited=&#8220;on|desktop&#8220; child_filter_invert_tablet=&#8220;&#8220; child_filter_invert_phone=&#8220;&#8220; child_filter_invert_last_edited=&#8220;on|desktop&#8220; child_filter_sepia_tablet=&#8220;&#8220; child_filter_sepia_phone=&#8220;&#8220; child_filter_sepia_last_edited=&#8220;on|desktop&#8220; child_filter_opacity_tablet=&#8220;&#8220; child_filter_opacity_phone=&#8220;&#8220; child_filter_opacity_last_edited=&#8220;on|desktop&#8220; child_filter_blur_tablet=&#8220;&#8220; child_filter_blur_phone=&#8220;&#8220; child_filter_blur_last_edited=&#8220;on|desktop&#8220; child_mix_blend_mode_tablet=&#8220;&#8220; child_mix_blend_mode_phone=&#8220;&#8220; child_mix_blend_mode_last_edited=&#8220;on|desktop&#8220; custom_css_active_portfolio_filter=&#8220;background-color:#E2E2E2;&#8220; border_radii_image=&#8220;on|4px|4px|4px|4px&#8220; border_width_all_image=&#8220;1px&#8220; border_color_all_image=&#8220;#e2e2e2&#8243; border_radii_image_tablet=&#8220;&#8220; border_radii_image_phone=&#8220;&#8220; border_radii_image_last_edited=&#8220;on|desktop&#8220; border_width_all_image_tablet=&#8220;&#8220; border_width_all_image_phone=&#8220;&#8220; border_width_all_image_last_edited=&#8220;on|desktop&#8220; border_color_all_image_tablet=&#8220;&#8220; border_color_all_image_phone=&#8220;&#8220; border_color_all_image_last_edited=&#8220;on|desktop&#8220; border_style_all_image_tablet=&#8220;&#8220; border_style_all_image_phone=&#8220;&#8220; border_style_all_image_last_edited=&#8220;on|desktop&#8220; box_shadow_horizontal_image_tablet=&#8220;&#8220; box_shadow_horizontal_image_phone=&#8220;&#8220; box_shadow_horizontal_image_last_edited=&#8220;on|desktop&#8220; box_shadow_vertical_image_tablet=&#8220;&#8220; box_shadow_vertical_image_phone=&#8220;&#8220; box_shadow_vertical_image_last_edited=&#8220;on|desktop&#8220; box_shadow_blur_image_tablet=&#8220;&#8220; box_shadow_blur_image_phone=&#8220;&#8220; box_shadow_blur_image_last_edited=&#8220;on|desktop&#8220; box_shadow_spread_image_tablet=&#8220;&#8220; box_shadow_spread_image_phone=&#8220;&#8220; box_shadow_spread_image_last_edited=&#8220;on|desktop&#8220; box_shadow_color_image_tablet=&#8220;&#8220; box_shadow_color_image_phone=&#8220;&#8220; box_shadow_color_image_last_edited=&#8220;on|desktop&#8220; box_shadow_position_image_tablet=&#8220;&#8220; box_shadow_position_image_phone=&#8220;&#8220; box_shadow_position_image_last_edited=&#8220;on|desktop&#8220; global_colors_info=&#8220;{}&#8220; box_shadow_color_image__hover_enabled=&#8220;on|hover&#8220; box_shadow_color_image__hover=&#8220;#ddca6a&#8220; sticky_enabled=&#8220;0&#8243;][\/et_pb_filterable_portfolio][\/et_pb_column][\/et_pb_row][\/et_pb_section]<\/p>\n","protected":false},"excerpt":{"rendered":"<p>Produkte<\/p>\n","protected":false},"author":1,"featured_media":0,"parent":0,"menu_order":0,"comment_status":"closed","ping_status":"closed","template":"","meta":{"_et_pb_use_builder":"on","_et_pb_old_content":"","_et_gb_content_width":"","_joinchat":[],"footnotes":""},"class_list":["post-1051","page","type-page","status-publish","hentry"],"yoast_head":"<!-- This site is optimized with the Yoast SEO plugin v27.2 - https:\/\/yoast.com\/product\/yoast-seo-wordpress\/ -->\n<title>Produkte - CDP SWISS AG<\/title>\n<meta name=\"description\" content=\"Erfahren Sie mehr \u00fcber die von uns angebotenen Produkte und w\u00e4hlen Sie das f\u00fcr Sie Passende aus!\" \/>\n<meta name=\"robots\" content=\"index, follow, max-snippet:-1, max-image-preview:large, max-video-preview:-1\" \/>\n<link rel=\"canonical\" href=\"https:\/\/cdpswiss.com\/index.php\/produkte\/\" \/>\n<meta property=\"og:locale\" content=\"de_DE\" \/>\n<meta property=\"og:type\" content=\"article\" \/>\n<meta property=\"og:title\" content=\"Produkte - CDP SWISS AG\" \/>\n<meta property=\"og:description\" content=\"Erfahren Sie mehr \u00fcber die von uns angebotenen Produkte und w\u00e4hlen Sie das f\u00fcr Sie Passende aus!\" \/>\n<meta property=\"og:url\" content=\"https:\/\/cdpswiss.com\/index.php\/produkte\/\" \/>\n<meta property=\"og:site_name\" content=\"CDP SWISS AG\" \/>\n<meta property=\"article:publisher\" content=\"https:\/\/www.facebook.com\/cdp.swiss\" \/>\n<meta property=\"article:modified_time\" content=\"2026-02-11T14:58:08+00:00\" \/>\n<meta name=\"twitter:card\" content=\"summary_large_image\" \/>\n<meta name=\"twitter:site\" content=\"@CDPSWISS\" \/>\n<meta name=\"twitter:label1\" content=\"Gesch\u00e4tzte Lesezeit\" \/>\n\t<meta name=\"twitter:data1\" content=\"2\u00a0Minuten\" \/>\n<script type=\"application\/ld+json\" class=\"yoast-schema-graph\">{\"@context\":\"https:\/\/schema.org\",\"@graph\":[{\"@type\":\"WebPage\",\"@id\":\"https:\/\/cdpswiss.com\/index.php\/produkte\/\",\"url\":\"https:\/\/cdpswiss.com\/index.php\/produkte\/\",\"name\":\"Produkte - CDP SWISS AG\",\"isPartOf\":{\"@id\":\"https:\/\/cdpswiss.com\/#website\"},\"datePublished\":\"2020-03-11T08:40:04+00:00\",\"dateModified\":\"2026-02-11T14:58:08+00:00\",\"description\":\"Erfahren Sie mehr \u00fcber die von uns angebotenen Produkte und w\u00e4hlen Sie das f\u00fcr Sie Passende aus!\",\"breadcrumb\":{\"@id\":\"https:\/\/cdpswiss.com\/index.php\/produkte\/#breadcrumb\"},\"inLanguage\":\"de\",\"potentialAction\":[{\"@type\":\"ReadAction\",\"target\":[\"https:\/\/cdpswiss.com\/index.php\/produkte\/\"]}]},{\"@type\":\"BreadcrumbList\",\"@id\":\"https:\/\/cdpswiss.com\/index.php\/produkte\/#breadcrumb\",\"itemListElement\":[{\"@type\":\"ListItem\",\"position\":1,\"name\":\"Startseite\",\"item\":\"https:\/\/cdpswiss.com\/\"},{\"@type\":\"ListItem\",\"position\":2,\"name\":\"Produkte\"}]},{\"@type\":\"WebSite\",\"@id\":\"https:\/\/cdpswiss.com\/#website\",\"url\":\"https:\/\/cdpswiss.com\/\",\"name\":\"CDP SWISS AG\",\"description\":\"Clinical Distribution Partner\",\"publisher\":{\"@id\":\"https:\/\/cdpswiss.com\/#organization\"},\"potentialAction\":[{\"@type\":\"SearchAction\",\"target\":{\"@type\":\"EntryPoint\",\"urlTemplate\":\"https:\/\/cdpswiss.com\/?s={search_term_string}\"},\"query-input\":{\"@type\":\"PropertyValueSpecification\",\"valueRequired\":true,\"valueName\":\"search_term_string\"}}],\"inLanguage\":\"de\"},{\"@type\":\"Organization\",\"@id\":\"https:\/\/cdpswiss.com\/#organization\",\"name\":\"CDP SWISS AG\",\"url\":\"https:\/\/cdpswiss.com\/\",\"logo\":{\"@type\":\"ImageObject\",\"inLanguage\":\"de\",\"@id\":\"https:\/\/cdpswiss.com\/#\/schema\/logo\/image\/\",\"url\":\"https:\/\/cdpswiss.com\/wp-content\/uploads\/2020\/07\/cdp13943.jpg\",\"contentUrl\":\"https:\/\/cdpswiss.com\/wp-content\/uploads\/2020\/07\/cdp13943.jpg\",\"width\":184,\"height\":59,\"caption\":\"CDP SWISS AG\"},\"image\":{\"@id\":\"https:\/\/cdpswiss.com\/#\/schema\/logo\/image\/\"},\"sameAs\":[\"https:\/\/www.facebook.com\/cdp.swiss\",\"https:\/\/x.com\/CDPSWISS\",\"https:\/\/www.instagram.com\/cdp_swiss\/\",\"http:\/\/www.linkedin.com\/company\/cdp-swiss-ag\",\"https:\/\/www.youtube.com\/channel\/UCEvSby-TC5tgpbcYfRjd62g\"]}]}<\/script>\n<!-- \/ Yoast SEO plugin. -->","yoast_head_json":{"title":"Produkte - CDP SWISS AG","description":"Erfahren Sie mehr \u00fcber die von uns angebotenen Produkte und w\u00e4hlen Sie das f\u00fcr Sie Passende aus!","robots":{"index":"index","follow":"follow","max-snippet":"max-snippet:-1","max-image-preview":"max-image-preview:large","max-video-preview":"max-video-preview:-1"},"canonical":"https:\/\/cdpswiss.com\/index.php\/produkte\/","og_locale":"de_DE","og_type":"article","og_title":"Produkte - CDP SWISS AG","og_description":"Erfahren Sie mehr \u00fcber die von uns angebotenen Produkte und w\u00e4hlen Sie das f\u00fcr Sie Passende aus!","og_url":"https:\/\/cdpswiss.com\/index.php\/produkte\/","og_site_name":"CDP SWISS AG","article_publisher":"https:\/\/www.facebook.com\/cdp.swiss","article_modified_time":"2026-02-11T14:58:08+00:00","twitter_card":"summary_large_image","twitter_site":"@CDPSWISS","twitter_misc":{"Gesch\u00e4tzte Lesezeit":"2\u00a0Minuten"},"schema":{"@context":"https:\/\/schema.org","@graph":[{"@type":"WebPage","@id":"https:\/\/cdpswiss.com\/index.php\/produkte\/","url":"https:\/\/cdpswiss.com\/index.php\/produkte\/","name":"Produkte - CDP SWISS AG","isPartOf":{"@id":"https:\/\/cdpswiss.com\/#website"},"datePublished":"2020-03-11T08:40:04+00:00","dateModified":"2026-02-11T14:58:08+00:00","description":"Erfahren Sie mehr \u00fcber die von uns angebotenen Produkte und w\u00e4hlen Sie das f\u00fcr Sie Passende aus!","breadcrumb":{"@id":"https:\/\/cdpswiss.com\/index.php\/produkte\/#breadcrumb"},"inLanguage":"de","potentialAction":[{"@type":"ReadAction","target":["https:\/\/cdpswiss.com\/index.php\/produkte\/"]}]},{"@type":"BreadcrumbList","@id":"https:\/\/cdpswiss.com\/index.php\/produkte\/#breadcrumb","itemListElement":[{"@type":"ListItem","position":1,"name":"Startseite","item":"https:\/\/cdpswiss.com\/"},{"@type":"ListItem","position":2,"name":"Produkte"}]},{"@type":"WebSite","@id":"https:\/\/cdpswiss.com\/#website","url":"https:\/\/cdpswiss.com\/","name":"CDP SWISS AG","description":"Clinical Distribution Partner","publisher":{"@id":"https:\/\/cdpswiss.com\/#organization"},"potentialAction":[{"@type":"SearchAction","target":{"@type":"EntryPoint","urlTemplate":"https:\/\/cdpswiss.com\/?s={search_term_string}"},"query-input":{"@type":"PropertyValueSpecification","valueRequired":true,"valueName":"search_term_string"}}],"inLanguage":"de"},{"@type":"Organization","@id":"https:\/\/cdpswiss.com\/#organization","name":"CDP SWISS AG","url":"https:\/\/cdpswiss.com\/","logo":{"@type":"ImageObject","inLanguage":"de","@id":"https:\/\/cdpswiss.com\/#\/schema\/logo\/image\/","url":"https:\/\/cdpswiss.com\/wp-content\/uploads\/2020\/07\/cdp13943.jpg","contentUrl":"https:\/\/cdpswiss.com\/wp-content\/uploads\/2020\/07\/cdp13943.jpg","width":184,"height":59,"caption":"CDP SWISS AG"},"image":{"@id":"https:\/\/cdpswiss.com\/#\/schema\/logo\/image\/"},"sameAs":["https:\/\/www.facebook.com\/cdp.swiss","https:\/\/x.com\/CDPSWISS","https:\/\/www.instagram.com\/cdp_swiss\/","http:\/\/www.linkedin.com\/company\/cdp-swiss-ag","https:\/\/www.youtube.com\/channel\/UCEvSby-TC5tgpbcYfRjd62g"]}]}},"_links":{"self":[{"href":"https:\/\/cdpswiss.com\/index.php\/wp-json\/wp\/v2\/pages\/1051","targetHints":{"allow":["GET"]}}],"collection":[{"href":"https:\/\/cdpswiss.com\/index.php\/wp-json\/wp\/v2\/pages"}],"about":[{"href":"https:\/\/cdpswiss.com\/index.php\/wp-json\/wp\/v2\/types\/page"}],"author":[{"embeddable":true,"href":"https:\/\/cdpswiss.com\/index.php\/wp-json\/wp\/v2\/users\/1"}],"replies":[{"embeddable":true,"href":"https:\/\/cdpswiss.com\/index.php\/wp-json\/wp\/v2\/comments?post=1051"}],"version-history":[{"count":28,"href":"https:\/\/cdpswiss.com\/index.php\/wp-json\/wp\/v2\/pages\/1051\/revisions"}],"predecessor-version":[{"id":987507277,"href":"https:\/\/cdpswiss.com\/index.php\/wp-json\/wp\/v2\/pages\/1051\/revisions\/987507277"}],"wp:attachment":[{"href":"https:\/\/cdpswiss.com\/index.php\/wp-json\/wp\/v2\/media?parent=1051"}],"curies":[{"name":"wp","href":"https:\/\/api.w.org\/{rel}","templated":true}]}}